 -u**2 - 20*u - 43. Let k be v(-17). Calculate the highest common factor of k and n.
8
Let g = -11 + 9. Let x be -3 + (-1)/(g/4). Let m be (132 + 0 - x) + 3. Calculate the greatest common divisor of 17 and m.
17
Let i = 345 + -315. What is the highest common divisor of i and 30?
30
Let d(v) = -2*v**2 + 3*v + 6. Let k be d(-2). Let u(r) = -r**3 - 8*r**2 - r - 2. Let n be u(k). Calculate the highest common factor of 4 and n.
2
Let k be (-1620)/(-100) + 2/(-10). Let y be 64/k - (-129 + 1). Suppose -4*p = -6*p + y. Calculate the greatest common divisor of 6 and p.
6
Let l be ((-105)/(-2))/(-21)*-70. What is the highest common divisor of l and 49?
7
Let w be (9/6)/((-6)/(-4)). Suppose 2*t + w - 3 = 0. Let g be 88/(2/(3 - t)). Calculate the greatest common divisor of g and 8.
8
Suppose 3*l - 4*v - 634 = 0, -5*l - 832 = -9*l + 2*v. What is the highest common divisor of l and 2?
2
Let z(x) be the second derivative of x**4/4 - x**3 + 5*x**2/2 + x. Let m = -21 + 28. Let w be z(m). What is the greatest common divisor of w and 10?
10
Let f be 12/(-4)*-1 - 58. Let z = -53 - f. Suppose -4*l + 12 = -3*q, -3*l - 3 = -3*q - 12. What is the highest common factor of z and l?
1
Suppose -3952 = 48*o - 61*o. Calculate the highest common divisor of o and 19.
19
Let q(d) = 15*d**3 - 2*d**2 - 23*d + 50. Let r be q(3). Calculate the highest common divisor of r and 32.
16
Suppose 0 = 2*b - 4, 0 = -h - b - 0*b + 4. Suppose -h*c = -c + 35. Let y = c + 61. Calculate the highest common divisor of 39 and y.
13
Suppose -7*p - 5*s = -6*p - 1137, 2*s = -3*p + 3385. What is the greatest common factor of p and 49?
49
Let c be 651/(-5) - (-2)/10. Let i be c/(-6) + 10/(-15). Suppose 2*g + 5*a - 38 = 29, -3*g - a + 68 = 0. Calculate the greatest common factor of i and g.
21
Let a = -92 + 196. Let w be (-5)/((-9)/6 - -2). Let s be (w/15)/(2/(-39)). What is the highest common divisor of a and s?
13
Let v = 86 + -77. Let h(q) = -q**3 + 5*q**2 + 4*q + 6. Let t be h(6). Let n = t + 15. What is the greatest common factor of v and n?
9
Let y(b) = b**2 + b + 88. Let r be y(0). Let v = -14 + 20. Let s be 45/v - (-1)/2. Calculate the greatest common factor of s and r.
8
Let n(m) = -6*m + 14. Let h be n(-7). Suppose -46 = -3*o - 4. Calculate the highest common factor of o and h.
14
Suppose 5 = 2*o + 1. Let h be (10/4 + 0)*o. Let n be (4256/(-7))/(-19) + -7. Calculate the greatest common divisor of n and h.
5
Let j(l) = -3*l**3 - 10*l**2 + 26*l + 23. Let b be j(-7). Calculate the greatest common factor of 228 and b.
76
Suppose -5*v = 3*p - 342, 0 = 2*p - 3*p + 4. Let z be 341/(-186)*(-12 + 0). Calculate the greatest common factor of z and v.
22
Let y(t) = -3*t**2 - 24*t + 39. Let m be y(-16). Let s be ((-8)/12)/(10/m). What is the highest common factor of s and 23?
23
Suppose 2 = -5*y + 32. Let t = -304 + 307. Calculate the highest common factor of t and y.
3
Let i be 7/(-14) + (-3 - 2138/(-4)). Calculate the greatest common factor of i and 18.
9
Suppose -4*z = -4*s + 260, -260 = -4*s + 5*z - 7*z. Suppose 0 = 2*x + 5*g - 11, -42 = -3*x + 2*g - g. Calculate the highest common divisor of x and s.
13
Suppose -5*v - a = -1, 4*v + 3*a - 3 = 8*v. Suppose -2*o - 4*o + 96 = v. What is the greatest common divisor of 112 and o?
16
Let z = -2 - -7. Let i be 2/(-17) - 338/17. Let l be (-3832)/i - (-2)/z. Calculate the greatest common divisor of 24 and l.
24
Suppose 1624*l = 1622*l + 720. What is the greatest common factor of l and 225?
45
Suppose -5*y = -4*n - 8 - 597, 4*y + 4*n - 520 = 0. What is the highest common divisor of 25 and y?
25
Suppose -5*o = -8 - 17. Suppose -o*r + 4 = 29. Let m be 6/r*(-595)/34. Calculate the highest common divisor of m and 7.
7
Let g(p) = 13*p - 58. Let o be g(11). Calculate the highest common factor of o and 68.
17
Let d be (6/(-5))/(60/(-25) - -2). Let h = 53 - 32. What is the highest common divisor of h and d?
3
Let g(h) = -6*h - 13. Let o(w) = -w - 10. Let i be o(-7). Let v be g(i). What is the greatest common factor of 1 and v?
1
Let r = 20 + -8. Suppose 2*v - r = -4. Calculate the highest common divisor of v and 36.
4
Let x = 294 - 85. Suppose 5*l - 40 = -5*k, -2*l + 3*k - 5 - 4 = 0. Suppose 80 = l*o + 23. What is the highest common divisor of o and x?
19
Let c(r) = r**3 + r**2 + r + 53. Let v be c(0). Let d be v + -3 + (-1 - -1). Let a = 2 + 8. What is the greatest common factor of d and a?
10
Let t = -100 - -80. Let z be 32/(t/6 + 4). What is the highest common factor of 528 and z?
48
Suppose -5*y + 560 = 5*k, k = -0*k + 2*y + 106. Let l(t) = 1 + 2 - 110*t + 113*t + 11*t**2. Let v be l(-1). Calculate the greatest common factor of k and v.
11
Let a = -13 - -32. Let n = -1223 - -1261. What is the greatest common factor of a and n?
19
Let p be 15/20*-42*-2. Let n = 78 - p. Suppose -f + 3 + 7 = 0. Calculate the greatest common factor of n and f.
5
Suppose 0 = 5*g - 6 - 9. Let n(s) = 2*s**2 + 4*s - 2. Let q be n(g). Calculate the greatest common divisor of 196 and q.
28
Let o be 12 + -1 + (3 - 5). Let n = o - -1. Suppose x - 32 = 3*i, 4*x + 5*i - 121 = -n. What is the highest common factor of 261 and x?
29
Let s(b) = b**2 - 19*b - 26. Let h be s(-22). Let j be h/22 - (-6)/33. Calculate the highest common divisor of j and 140.
20
Let h = 1541 - 1262. Calculate the greatest common factor of h and 62.
31
Suppose 2*c - 100 = -3*o + 7*c, 2*o = 5*c + 70. Let k be 36 + 7/2 + (-16)/(-32). Calculate the greatest common divisor of k and o.
10
Suppose -5*j + 4*j = -1. Let k = 2 - j. Let v = k - -6. Calculate the greatest common divisor of 35 and v.
7
Suppose -2*y + 0*y + 18 = 0. Let r be 78*5/((-60)/(-18)). Calculate the highest common factor of r and y.
9
Suppose o = d - 55, -66 = -d + 4*o - 14. Let c = 15 + -11. Suppose 5*z - c*h - 4 = 4*z, -5*z - h = -41. What is the highest common divisor of z and d?
8
Suppose -5*l + 114 = 104. Suppose -y - 3*n + 18 = 0, 7*n - 3*n - 40 = -4*y. What is the highest common factor of l and y?
2
Suppose -2*o - 24 + 120 = 0. What is the highest common factor of 96 and o?
48
Let p = -47 + 76. Let z = -23 + p. Calculate the highest common factor of 24 and z.
6
Let h(s) = s**2 - 4*s - 3. Let x be h(-3). Let j(f) = 18*f + 243. Let b be j(-12). Calculate the highest common divisor of b and x.
9
Let j be 47*3 - (0 - 1)*3. Suppose 5*s + 5 = -5, i = -5*s + 6. What is the highest common factor of j and i?
16
Suppose 3*d - 21*r - 13 = -16*r, -35 = -5*d - 5*r. Suppose -m = 3 - 6. What is the highest common divisor of d and m?
3
Suppose 464*n = 453*n + 11583. What is the highest common factor of 117 and n?
117
Let w be 204*(1 - 0)*(0 + 2). What is the greatest common divisor of 16 and w?
8
Suppose -5*z - 970 = -5*v, -2*v = -6*v + 5*z + 773. Let y = v + -95. Let i = y + -21. What is the greatest common factor of i and 9?
9
Suppose -17*y - 15561 = -56*y. Calculate the highest common factor of y and 228.
57
Let u be 46/6 - (-10)/30. Calculate the greatest common divisor of 10 and u.
2
Suppose -3*h + 2*q = -408, 5*h + 105*q = 102*q + 699. Calculate the highest common factor of 15 and h.
3
Suppose -5*s - 3*d + 329 = 0, s - 4*d - 78 = -26. Suppose 12 = -4*r + s. What is the greatest common divisor of r and 26?
13
Let l be (-1)/(-3)*89 - (-37)/111. Calculate the highest common divisor of 10 and l.
10
Let r be (-190)/(-114)*12/5. Calculate the greatest common factor of r and 256.
4
Let l = -103 - -96. Let s(j) = -9*j - 29. Let v be s(l). What is the highest common divisor of 68 and v?
34
Suppose 0 = 5*s - 3*q - 10 + 4, 0 = 4*s - q - 2. Let d be 5 + s + 2 + -4. Calculate the highest common divisor of 12 and d.
3
Let j(v) = v**2 + 3*v + 58. Let w be j(-23). What is the highest common divisor of 154 and w?
14
Let w(t) = 3*t**2 + 59*t + 115. Let y be w(-18). Calculate the greatest common factor of y and 800.
25
Suppose 12*f - 8*f = -4. Let q be -2 - (522/2)/(-3). Let x be 4 + f + q + -4. Calculate the greatest common factor of x and 21.
21
Let s = -25 - -26. Let b be s/4 + (-649)/(-44). Calculate the highest common divisor of b and 10.
5
Let q be 1*(-1 + 1)/(-2). Suppose 0 = y + 8*y - 45. Suppose -y*f + n + 104 = q, -n - 102 = -5*f + 2*n. Calculate the highest common divisor of f and 7.
7
Let r(s) = 6 + 4 - 9 - 4 - 2*s. Let w be r(-5). What is the greatest common diviso